 h be s(6). Suppose h*f - 5*f + 140 = 0. Let q = f + -12. What is the remainder when q is divided by 6?
4
Suppose 9 = -b + 52. Let x = -6 + 17. Calculate the remainder when b is divided by x.
10
Let p(i) = -i**3 + 6*i**2 + 9. What is the remainder when 52 is divided by p(6)?
7
Suppose 11 + 19 = d. Suppose 15 + d = 3*q. What is the remainder when q is divided by 6?
3
Let u(y) = y + 2. Let f be u(-11). Let m(h) = h**3 + 10*h**2 + 7*h - 11. Calculate the remainder when 12 is divided by m(f).
5
What is the remainder when 15 is divided by -5 - -5 - (0 + -6)?
3
Suppose 5*y + b - 110 = 0, 3*y + 2*b = b + 66. Calculate the remainder when 56 is divided by y.
12
Suppose -6*q = -5*q - 50. Calculate the remainder when q is divided by 13.
11
Let i = 196 + -153. What is the remainder when i is divided by 11?
10
Suppose 3*k = -9, -5*f - 5*k = -1 - 4. Suppose -2*m = 3*w + 111, 125 = -f*w - m + 6*m. Let x = w - -87. Calculate the remainder when x is divided by 18.
16
Suppose -f + 4*a = 2 + 6, -3*f + a = 2. Let p = f + 8. What is the remainder when p is divided by ((-10)/6)/((-2)/6)?
3
Suppose -d = -2*p + 47, -5*p = 2*d - 4*d - 118. What is the remainder when 69 is divided by p?
21
What is the remainder when (-309)/(-12) - 5/(-20) is divided by 9?
8
Let n(f) = -f + 8. Let q = 9 - 4. Let l be n(q). Suppose -3*j = -a - 72, -l*j = -j - 4*a - 48. What is the remainder when j is divided by 13?
11
Suppose -30 - 24 = -3*j. What is the remainder when j is divided by 11?
7
Let j(o) = -o**2 - 10*o - 4. Suppose 32 = -3*a - 0*a - p, -5*a - 5*p - 70 = 0. What is the remainder when 12 is divided by j(a)?
2
Suppose 5*b - 5*i - 15 = 0, 0 = 4*b + 4*i - 0*i - 20. Suppose 37 = b*t - 27. Calculate the remainder when t is divided by 6.
4
Suppose -2*l + 40 = -a - 11, -5*a = -5. Let f = l - 9. What is the remainder when 50 is divided by f?
16
Suppose -2*c + 16 = 5*u + 4, 4*c = -3*u + 10. Let d = -9 - -23. What is the remainder when (2 - u)*1 + 41 is divided by d?
13
Suppose 0 = -5*h + h + 336. Let p(k) = 2*k + 7. What is the remainder when p(8) is divided by (-2)/5 - h/(-10)?
7
Let o = -47 + 80. Suppose -2*x = -x - 18. What is the remainder when o is divided by x?
15
Suppose 2*x - 6 = -x. Let o(n) = -3 + 1 + n**x + 3 - 5. Calculate the remainder when 8 is divided by o(-3).
3
Suppose 2*x - 1 = p - 6, 2*x - 55 = -3*p. Suppose -j + 23 = -p. Calculate the remainder when j is divided by 10.
8
Let b be -2 + 2 + (139 - 0). Suppose -2*n = -5*n + 4*m + b, 5*n = 5*m + 225. What is the remainder when n is divided by 11?
8
Let c = 45 - 30. Calculate the remainder when 25 is divided by c.
10
What is the remainder when (-4098)/(-48) + (-6)/16 is divided by 29?
27
Suppose -3*j - j = 4. Let x be (j - 1)/((-6)/21). Suppose 4*h - x - 9 = 0, -2*g = 2*h - 16. Calculate the remainder when 11 is divided by g.
3
Suppose -2*d + 1 = -3. Suppose -d*y + 5 = 3. Suppose -8 = -r - y. What is the remainder when r is divided by 2?
1
Let x(q) = -q**3 - 3*q**2 + 2*q - 3. Let s = 11 + -7. Suppose -42 = -4*r + r + 3*u, -u + 56 = s*r. What is the remainder when r is divided by x(-4)?
4
Suppose 2*o + o - 9 = 0. Suppose 4*z + 11 = -5*d - 0, o*z + 8 = -4*d. Suppose 6*x = 3*x + 3. What is the remainder when x is divided by d?
0
Let j = -2 + 5. Suppose 2*y + 5*l - 20 = 0, -4*y = y + j*l - 12. Suppose y*w - 23 = -w. Calculate the remainder when w is divided by 12.
11
Suppose -2*g - 2*g + 12 = 0. Suppose -g*n = -15, -4*n + 3*n = -u - 1. Calculate the remainder when u is divided by 3.
1
Let g = 0 - -3. Suppose -4*q - 22 = 5*d - 7, g*d = -9. Suppose -2*u = -q*u - 40. What is the remainder when u is divided by 7?
6
Calculate the remainder when 6 is divided by (-4 + 5)*((-2)/(-2) - -3).
2
Suppose -2*n + 3*n + 1 = 0. Let j be -1 + n + 2 + 0. Suppose g - 5*s - 7 = j, -4*g + 3*s = 9 - 54. Calculate the remainder when 45 is divided by g.
9
Suppose -5*q + 4 = -6. Calculate the remainder when 17 is divided by (-3 - 0) + (14 - q).
8
What is the remainder when (-205)/(-7) - 2/7 is divided by 16?
13
Let o = 59 + -20. What is the remainder when o is divided by 14?
11
Suppose 0 = -3*r + 143 - 17. Calculate the remainder when 15 is divided by r/4 - (-24)/(-16).
6
Let g be (-6)/(-21) - (-1504)/28. Suppose -5*s - 3*o = -g, 5*s - 4*s = 4*o - 3. What is the remainder when 34 is divided by s?
7
Let y be 8/(-4) + 2*-1. Let r(k) = -4*k + 5. Calculate the remainder when 40 is divided by r(y).
19
Suppose 6 = 2*w, -d + 0*d = 4*w - 49. Calculate the remainder when 145 is divided by d.
34
Suppose r = -5*w + 30, 4*r = 2*w - 0*w - 34. Calculate the remainder when 26 is divided by w.
5
What is the remainder when 40 - (0 + -4) - (2 - 2) is divided by 16?
12
Suppose -4*z = z - 55. Let v = -5 + -2. Let s = v + 39. What is the remainder when s is divided by z?
10
Let h(g) = 5*g**3 - g**2 - g + 1. Let a(i) = 9*i + 4 + 7*i**2 - 2*i - i**3 + 6. Let z be a(8). Calculate the remainder when h(z) is divided by 12.
11
Let m(t) = t + 38. Let u(d) = -d**3 + 4*d**2 + 3*d + 8. Calculate the remainder when m(0) is divided by u(4).
18
What is the remainder when 2 - (-3 - (29 - -3)) is divided by 10?
7
Suppose 3*d = 5*n + 72, d + 3*d = 3*n + 107. Calculate the remainder when 55 is divided by d.
26
Suppose 0 = -4*v + 4*s - 4, -5*v - 4*s + 25 - 3 = 0. Suppose v*r - 40 = -14. Calculate the remainder when r is divided by 7.
6
Suppose -2*m + 213 - 81 = 0. Suppose 5*o = m + 4. What is the remainder when -1 + 0/(-3) + 28 is divided by o?
13
Let j be -1 + 1 + -2 - -16. Suppose t + 0*t - 4*w = 52, 5*t = -5*w + 135. Let r = j + t. What is the remainder when r is divided by 16?
14
Suppose 96 = 3*d + 3*a, d - 2*a = 2*d - 31. Calculate the remainder when d is divided by (8/(-10))/((-3)/45).
9
Let z = 78 + -45. Let g = 28 + -16. Calculate the remainder when z is divided by g.
9
Let s = 7 - 3. Let i = -4 + 7. Suppose l + 20 = i*l. Calculate the remainder when l is divided by s.
2
Let w be (-3 - -1)*(-26)/4. Let i = w - -15. Calculate the remainder when i is divided by 15.
13
Let i be (-22)/(-6) - 2/3. Let b(v) = 5*v - 10. Let o be b(2). Suppose o = -5*w + i*w + 68. What is the remainder when w is divided by 18?
16
Let p = 3 + 9. Calculate the remainder when 22 is divided by p.
10
Let i(d) = 7*d**2 + d + 2. Let w be i(-3). Let p be 6/(-15) - 167/(-5). Let v = w - p. Calculate the remainder when v is divided by 10.
9
Let n(p) = -5*p + 2. Let y be n(2). Let z(l) = -5*l - 18. What is the remainder when z(y) is divided by 6?
4
Suppose 4*r - r = -5*t + 46, 4*t - 27 = -r. Let m(c) = c**3 - 4*c**2 + 5*c - 3. What is the remainder when r is divided by m(3)?
1
Let g(v) = v**3 + 2*v**2 + 2. Let q be g(-2). Suppose -q*o - 3*y + 29 = 0, 3*o + 0*o - 49 = y. What is the remainder when o is divided by 9?
7
What is the remainder when 53 is divided by 6/2*(-38)/(-6)?
15
Suppose -26 = -2*t - 0*t. What is the remainder when t is divided by 9?
4
Let r(v) = 0*v**2 - v + 4*v - 2 + v**2. Suppose 3*j = -0*j - 9, j = -5*m + 152. What is the remainder when m is divided by r(-5)?
7
Suppose 0 = -5*v + 52 + 43. Calculate the remainder when v is divided by 8.
3
Suppose -3*z + 1 = -4*z - 3*o, -5*o = -5*z + 35. Suppose -j - 2*j + 44 = -g, 0 = -3*j + z*g + 64. Calculate the remainder when 36 is divided by j.
10
Suppose -q - 330 = -7*q. Let l(x) = -3*x - 5. Calculate the remainder when q is divided by l(-8).
17
Suppose -4*a + 14 = -50. Calculate the remainder when 59 is divided by a.
11
Suppose -4*i - 2 = -5*s - 3, -s = -3. Suppose 0 = 3*x - c - 9, i*x - 2*c = 4 + 6. Suppose 6*o = 2*o + x. Calculate the remainder when 1 is divided by o.
0
Suppose -46*j + 49*j = 111. Calculate the remainder when j is divided by 3.
1
Suppose -5*z = -3*d - 64, -25 + 86 = 5*z - 2*d. Calculate the remainder when z is divided by 5.
1
Let p(h) = -h**2 + 2*h + 4. Suppose 0 = 3*f - 2*f - 4. Suppose y + 2*s - 1 = 0, -f*y + 3*s + s + 4 = 0. Calculate the remainder when y is divided by p(3).
0
Suppose -5*t = -0*i - 2*i - 124, -3*t = -2*i - 72. Calculate the remainder when 155 is divided by t.
25
Let y(q) = q**3 + q**2 + q + 5. Let x(r) = -2*r. Suppose 0 = 2*p - 3 + 5. What is the remainder when y(0) is divided by x(p)?
1
Let y = 15 + -8. Let h(p) = 37*p - 1. Let z be h(1). Let x = z - 24. Calculate the remainder when x is divided by y.
5
Suppose -y